{"id":344020,"date":"2025-11-03T12:03:40","date_gmt":"2025-11-03T12:03:40","guid":{"rendered":"https:\/\/addekor.no\/?page_id=344020"},"modified":"2025-11-11T09:55:09","modified_gmt":"2025-11-11T09:55:09","slug":"om-ad-dekor","status":"publish","type":"page","link":"https:\/\/addekor.no\/index.php\/om-ad-dekor\/","title":{"rendered":"Om AD Dekor AS"},"content":{"rendered":"<p>[et_pb_section fb_built=&raquo;1&#8243; custom_padding_last_edited=&raquo;on|phone&raquo; _builder_version=&raquo;4.27.4&#8243; _module_preset=&raquo;default&raquo; background_color=&raquo;rgba(242,242,242,0.2)&raquo; custom_padding=&raquo;||100px||false|false&raquo; custom_padding_tablet=&raquo;0px||50px||false|false&raquo; custom_padding_phone=&raquo;0px||0px||true|false&raquo; global_colors_info=&raquo;{}&raquo;][et_pb_row _builder_version=&raquo;4.27.4&#8243; _module_preset=&raquo;default&raquo; global_colors_info=&raquo;{}&raquo;][et_pb_column type=&raquo;4_4&#8243; _builder_version=&raquo;4.27.4&#8243; _module_preset=&raquo;default&raquo; global_colors_info=&raquo;{}&raquo;][et_pb_text _builder_version=&raquo;4.27.4&#8243; _module_preset=&raquo;default&raquo; header_font=&raquo;|700||on|||||&raquo; custom_padding=&raquo;0px|0px|0px|0px|true|true&raquo; locked=&raquo;off&raquo; global_colors_info=&raquo;{}&raquo;]<\/p>\n<h1 style=\"text-align: center;\">Om oss<\/h1>\n<p>[\/et_pb_text][et_pb_text _builder_version=&raquo;4.27.4&#8243; _module_preset=&raquo;default&raquo; text_font=&raquo;Open Sans||||||||&raquo; text_font_size=&raquo;16px&raquo; custom_padding=&raquo;||20px||false|false&raquo; hover_enabled=&raquo;0&#8243; global_colors_info=&raquo;{}&raquo; sticky_enabled=&raquo;0&#8243;]<\/p>\n<p>AD Dekor AS ble etablert i 1993 og holder til p\u00e5 Skedsmokorset mellom Oslo og Gardermoen med oppdrag i hele Norge. V\u00e5rt m\u00e5l er \u00e5 v\u00e6re blandt de fremste bedrifter i v\u00e5r brasje med fokus p\u00e5 gode l\u00f8sninger, riktig kvalitet, logistikk og milj\u00f8. AD Dekor ble sertifisert Milj\u00f8fyrt\u00e5rnbedrift i 2025. Vi er i dag 11 ansatte i salg, prosjektledelse, s\u00f8knader, grafisk, produksjon og montasje. AD Dekor har gjennomf\u00f8rt en rekke landsdekkende prosjekter store krav til logistikk, dokumentasjon, HMS og kvalitet i alle ledd.<\/p>\n<p>[\/et_pb_text][\/et_pb_column][\/et_pb_row][et_pb_row _builder_version=&raquo;4.27.4&#8243; _module_preset=&raquo;default&raquo; width_tablet=&raquo;&raquo; width_phone=&raquo;&raquo; width_last_edited=&raquo;on|tablet&raquo; custom_padding=&raquo;0px||0px||true|false&raquo; border_radii=&raquo;on|25px|25px|25px|25px&raquo; locked=&raquo;off&raquo; global_colors_info=&raquo;{}&raquo;][et_pb_column type=&raquo;4_4&#8243; _builder_version=&raquo;4.27.4&#8243; _module_preset=&raquo;default&raquo; global_colors_info=&raquo;{}&raquo;][et_pb_slider show_arrows=&raquo;off&raquo; show_pagination=&raquo;off&raquo; _builder_version=&raquo;4.27.4&#8243; _module_preset=&raquo;default&raquo; background_color=&raquo;RGBA(255,255,255,0)&raquo; height=&raquo;650px&raquo; height_tablet=&raquo;375px&raquo; height_phone=&raquo;200px&raquo; height_last_edited=&raquo;on|phone&raquo; max_height=&raquo;650px&raquo; max_height_tablet=&raquo;375px&raquo; max_height_phone=&raquo;375px&raquo; max_height_last_edited=&raquo;on|tablet&raquo; custom_padding_tablet=&raquo;0px||0px||true|false&raquo; custom_padding_phone=&raquo;0px||0px||true|false&raquo; custom_padding_last_edited=&raquo;on|tablet&raquo; animation_style=&raquo;fade&raquo; animation_starting_opacity=&raquo;25%&raquo; auto=&raquo;on&raquo; global_colors_info=&raquo;{}&raquo;][et_pb_slide admin_title=&raquo;Uno X bilvask&raquo; _builder_version=&raquo;4.27.4&#8243; _module_preset=&raquo;default&raquo; background_enable_color=&raquo;off&raquo; background_image=&raquo;https:\/\/addekor.no\/wp-content\/uploads\/2025\/11\/Uno-X-Bilvask-1.jpg&raquo; background_enable_image=&raquo;on&raquo; global_colors_info=&raquo;{}&raquo; sticky_transition=&raquo;on&raquo;][\/et_pb_slide][et_pb_slide admin_title=&raquo;W\u00fcrth&raquo; _builder_version=&raquo;4.27.4&#8243; _module_preset=&raquo;default&raquo; background_enable_color=&raquo;off&raquo; background_image=&raquo;https:\/\/addekor.no\/wp-content\/uploads\/2025\/11\/Wurth-Arendal-kroppet.jpg&raquo; background_enable_image=&raquo;on&raquo; background_size=&raquo;contain&raquo; global_colors_info=&raquo;{}&raquo; sticky_transition=&raquo;on&raquo;][\/et_pb_slide][et_pb_slide admin_title=&raquo;Uno X&raquo; _builder_version=&raquo;4.27.4&#8243; _module_preset=&raquo;default&raquo; background_enable_color=&raquo;off&raquo; background_image=&raquo;https:\/\/addekor.no\/wp-content\/uploads\/2025\/11\/Uno-x-kroppet.jpg&raquo; background_enable_image=&raquo;on&raquo; background_size=&raquo;contain&raquo; global_colors_info=&raquo;{}&raquo; sticky_transition=&raquo;on&raquo;][\/et_pb_slide][et_pb_slide admin_title=&raquo;Ad Dekor&raquo; _builder_version=&raquo;4.27.4&#8243; _module_preset=&raquo;default&raquo; background_enable_color=&raquo;off&raquo; background_image=&raquo;https:\/\/addekor.no\/wp-content\/uploads\/2025\/11\/Bilia-kroppet.jpg&raquo; background_enable_image=&raquo;on&raquo; background_size=&raquo;contain&raquo; global_colors_info=&raquo;{}&raquo; sticky_transition=&raquo;on&raquo;][\/et_pb_slide][et_pb_slide admin_title=&raquo;Circle K&raquo; _builder_version=&raquo;4.27.4&#8243; _module_preset=&raquo;default&raquo; background_enable_color=&raquo;off&raquo; background_image=&raquo;https:\/\/addekor.no\/wp-content\/uploads\/2025\/11\/CK-Berger-Kroppet.jpg&raquo; background_enable_image=&raquo;on&raquo; background_size=&raquo;contain&raquo; global_colors_info=&raquo;{}&raquo; sticky_transition=&raquo;on&raquo;][\/et_pb_slide][\/et_pb_slider][\/et_pb_column][\/et_pb_row][\/et_pb_section][et_pb_section fb_built=&raquo;1&#8243; custom_padding_last_edited=&raquo;on|phone&raquo; _builder_version=&raquo;4.27.4&#8243; background_color=&raquo;rgba(242,242,242,0.2)&raquo; custom_padding_tablet=&raquo;&raquo; custom_padding_phone=&raquo;0px||0px||false|false&raquo; border_width_top=&raquo;0.01px&raquo; border_color_top=&raquo;rgba(0,0,0,0.15)&raquo; border_style_top=&raquo;outset&raquo; global_module=&raquo;104052&#8243; global_colors_info=&raquo;{}&raquo;][et_pb_row column_structure=&raquo;1_4,1_4,1_4,1_4&#8243; make_equal=&raquo;on&raquo; _builder_version=&raquo;4.27.4&#8243; background_size=&raquo;initial&raquo; background_position=&raquo;top_left&raquo; background_repeat=&raquo;repeat&raquo; width=&raquo;90%&raquo; max_width=&raquo;90%&raquo; module_alignment=&raquo;center&raquo; global_colors_info=&raquo;{}&raquo;][et_pb_column type=&raquo;1_4&#8243; _builder_version=&raquo;4.27.4&#8243; _module_preset=&raquo;default&raquo; global_colors_info=&raquo;{}&raquo; custom_css_main_element_last_edited=&raquo;on|phone&raquo; custom_css_main_element_phone=&raquo;  flex: 0 1 100%;         \/* kolonnebredde *\/||  margin: 10px;&raquo;][et_pb_image src=&raquo;https:\/\/addekor.no\/wp-content\/uploads\/2025\/11\/CK.jpg&raquo; title_text=&raquo;CK&raquo; _builder_version=&raquo;4.27.4&#8243; _module_preset=&raquo;default&raquo; animation_style=&raquo;zoom&raquo; animation_duration=&raquo;1500ms&raquo; animation_starting_opacity=&raquo;25%&raquo; global_colors_info=&raquo;{}&raquo;][\/et_pb_image][\/et_pb_column][et_pb_column type=&raquo;1_4&#8243; _builder_version=&raquo;4.27.4&#8243; _module_preset=&raquo;default&raquo; global_colors_info=&raquo;{}&raquo; custom_css_main_element_last_edited=&raquo;on|phone&raquo; custom_css_main_element_phone=&raquo;  flex: 0 1 100%;         \/* kolonnebredde *\/||  margin: 10px;&raquo;][et_pb_image src=&raquo;https:\/\/addekor.no\/wp-content\/uploads\/2025\/11\/Power.jpg&raquo; title_text=&raquo;Power&raquo; _builder_version=&raquo;4.27.4&#8243; _module_preset=&raquo;default&raquo; animation_style=&raquo;zoom&raquo; animation_duration=&raquo;1500ms&raquo; animation_delay=&raquo;25ms&raquo; animation_starting_opacity=&raquo;25%&raquo; global_colors_info=&raquo;{}&raquo;][\/et_pb_image][\/et_pb_column][et_pb_column type=&raquo;1_4&#8243; _builder_version=&raquo;4.27.4&#8243; _module_preset=&raquo;default&raquo; global_colors_info=&raquo;{}&raquo; custom_css_main_element_last_edited=&raquo;on|phone&raquo; custom_css_main_element_phone=&raquo;  flex: 0 1 100%;         \/* kolonnebredde *\/||  margin: 10px;&raquo;][et_pb_image src=&raquo;https:\/\/addekor.no\/wp-content\/uploads\/2025\/11\/Uno-X-logo.jpg&raquo; title_text=&raquo;Uno-X logo&raquo; _builder_version=&raquo;4.27.4&#8243; _module_preset=&raquo;default&raquo; animation_style=&raquo;zoom&raquo; animation_duration=&raquo;1500ms&raquo; animation_delay=&raquo;50ms&raquo; animation_starting_opacity=&raquo;25%&raquo; global_colors_info=&raquo;{}&raquo;][\/et_pb_image][\/et_pb_column][et_pb_column type=&raquo;1_4&#8243; _builder_version=&raquo;4.27.4&#8243; _module_preset=&raquo;default&raquo; global_colors_info=&raquo;{}&raquo; custom_css_main_element_last_edited=&raquo;on|phone&raquo; custom_css_main_element_phone=&raquo;  flex: 0 1 100%;         \/* kolonnebredde *\/||  margin: 10px;&raquo;][et_pb_image src=&raquo;https:\/\/addekor.no\/wp-content\/uploads\/2025\/11\/Starbucks.jpg&raquo; title_text=&raquo;Starbucks&raquo; _builder_version=&raquo;4.27.4&#8243; _module_preset=&raquo;default&raquo; animation_style=&raquo;zoom&raquo; animation_duration=&raquo;1500ms&raquo; animation_delay=&raquo;75ms&raquo; animation_starting_opacity=&raquo;25%&raquo; global_colors_info=&raquo;{}&raquo;][\/et_pb_image][\/et_pb_column][\/et_pb_row][et_pb_row column_structure=&raquo;1_4,1_4,1_4,1_4&#8243; make_equal=&raquo;on&raquo; _builder_version=&raquo;4.27.4&#8243; background_size=&raquo;initial&raquo; background_position=&raquo;top_left&raquo; background_repeat=&raquo;repeat&raquo; width=&raquo;90%&raquo; max_width=&raquo;90%&raquo; module_alignment=&raquo;center&raquo; locked=&raquo;off&raquo; global_colors_info=&raquo;{}&raquo;][et_pb_column type=&raquo;1_4&#8243; _builder_version=&raquo;4.27.4&#8243; _module_preset=&raquo;default&raquo; global_colors_info=&raquo;{}&raquo;][et_pb_image src=&raquo;https:\/\/addekor.no\/wp-content\/uploads\/2025\/11\/Sporveien.jpg&raquo; title_text=&raquo;Sporveien&raquo; _builder_version=&raquo;4.27.4&#8243; _module_preset=&raquo;default&raquo; animation_style=&raquo;zoom&raquo; animation_duration=&raquo;1500ms&raquo; animation_delay=&raquo;100ms&raquo; animation_starting_opacity=&raquo;25%&raquo; global_colors_info=&raquo;{}&raquo;][\/et_pb_image][\/et_pb_column][et_pb_column type=&raquo;1_4&#8243; _builder_version=&raquo;4.27.4&#8243; _module_preset=&raquo;default&raquo; global_colors_info=&raquo;{}&raquo;][et_pb_image src=&raquo;https:\/\/addekor.no\/wp-content\/uploads\/2025\/11\/Serwent.jpg&raquo; title_text=&raquo;Serwent&raquo; _builder_version=&raquo;4.27.4&#8243; _module_preset=&raquo;default&raquo; animation_style=&raquo;zoom&raquo; animation_duration=&raquo;1500ms&raquo; animation_delay=&raquo;125ms&raquo; animation_starting_opacity=&raquo;25%&raquo; global_colors_info=&raquo;{}&raquo;][\/et_pb_image][\/et_pb_column][et_pb_column type=&raquo;1_4&#8243; _builder_version=&raquo;4.27.4&#8243; _module_preset=&raquo;default&raquo; global_colors_info=&raquo;{}&raquo;][et_pb_image src=&raquo;https:\/\/addekor.no\/wp-content\/uploads\/2025\/11\/Wurth.jpg&raquo; title_text=&raquo;W\u00fcrth&raquo; _builder_version=&raquo;4.27.4&#8243; _module_preset=&raquo;default&raquo; animation_style=&raquo;zoom&raquo; animation_duration=&raquo;1500ms&raquo; animation_delay=&raquo;150ms&raquo; animation_starting_opacity=&raquo;2%&raquo; global_colors_info=&raquo;{}&raquo;][\/et_pb_image][\/et_pb_column][et_pb_column type=&raquo;1_4&#8243; _builder_version=&raquo;4.27.4&#8243; _module_preset=&raquo;default&raquo; global_colors_info=&raquo;{}&raquo;][et_pb_image src=&raquo;https:\/\/addekor.no\/wp-content\/uploads\/2025\/11\/Bilia-1.jpg&raquo; title_text=&raquo;Bilia&raquo; _builder_version=&raquo;4.27.4&#8243; _module_preset=&raquo;default&raquo; animation_style=&raquo;zoom&raquo; animation_duration=&raquo;1500ms&raquo; animation_delay=&raquo;175ms&raquo; animation_starting_opacity=&raquo;25%&raquo; global_colors_info=&raquo;{}&raquo;][\/et_pb_image][\/et_pb_column][\/et_pb_row][\/et_pb_section]<\/p>\n","protected":false},"excerpt":{"rendered":"<p>Om ossAD Dekor AS ble etablert i 1993 og holder til p\u00e5 Skedsmokorset mellom Oslo og Gardermoen med oppdrag i hele Norge. V\u00e5rt m\u00e5l er \u00e5 v\u00e6re blandt de fremste bedrifter i v\u00e5r brasje med fokus p\u00e5 gode l\u00f8sninger, riktig kvalitet, logistikk og milj\u00f8. AD Dekor ble sertifisert Milj\u00f8fyrt\u00e5rnbedrift i 2025. Vi er i dag [&hellip;]<\/p>\n","protected":false},"author":1,"featured_media":0,"parent":0,"menu_order":0,"comment_status":"closed","ping_status":"closed","template":"","meta":{"_et_pb_use_builder":"on","_et_pb_old_content":"","_et_gb_content_width":"","footnotes":""},"class_list":["post-344020","page","type-page","status-publish","hentry"],"_links":{"self":[{"href":"https:\/\/addekor.no\/index.php\/wp-json\/wp\/v2\/pages\/344020","targetHints":{"allow":["GET"]}}],"collection":[{"href":"https:\/\/addekor.no\/index.php\/wp-json\/wp\/v2\/pages"}],"about":[{"href":"https:\/\/addekor.no\/index.php\/wp-json\/wp\/v2\/types\/page"}],"author":[{"embeddable":true,"href":"https:\/\/addekor.no\/index.php\/wp-json\/wp\/v2\/users\/1"}],"replies":[{"embeddable":true,"href":"https:\/\/addekor.no\/index.php\/wp-json\/wp\/v2\/comments?post=344020"}],"version-history":[{"count":2,"href":"https:\/\/addekor.no\/index.php\/wp-json\/wp\/v2\/pages\/344020\/revisions"}],"predecessor-version":[{"id":344271,"href":"https:\/\/addekor.no\/index.php\/wp-json\/wp\/v2\/pages\/344020\/revisions\/344271"}],"wp:attachment":[{"href":"https:\/\/addekor.no\/index.php\/wp-json\/wp\/v2\/media?parent=344020"}],"curies":[{"name":"wp","href":"https:\/\/api.w.org\/{rel}","templated":true}]}}